4. Let l be g(-7). Suppose f = t + l*t + 351, 737 = 2*f - t. Is f prime?
False
Is 133290/22 - 256/(-704) prime?
False
Suppose -4*m + 85832 = 5*l, 7*m - 4*m - 64374 = 4*l. Is m composite?
True
Suppose 22*n - 20*n - 40 = 0. Suppose -7*l + n*l - 1534 = 0. Is l prime?
False
Let x(j) = -j. Let d be x(-2). Let p = 3 + d. Suppose -p*r + 808 = -487. Is r a composite number?
True
Let v be 3*(-3 - (-373)/(-3)). Let w = v - -1228. Is 6/15 + w/10 a prime number?
False
Suppose -6 = -5*d + 4. Let q(m) = m**2 - 13*m - 19. Let t be q(14). Is d*(35/(-2))/t a composite number?
False
Let v = 71 + -44. Let w = 104 + v. Is w composite?
False
Suppose 74085 = 6*h - 4473. Is h prime?
True
Suppose -25961 = -2*g + 3*t, -5*g = -5*t - 4314 - 60586. Is g a composite number?
False
Suppose -8*q = -3377 + 745. Is q prime?
False
Let p = -869 - -2053. Suppose 5*o - 2921 = p. Is o a prime number?
True
Let s(i) = -i**3 - 16*i**2 + 16*i - 17. Let q be s(-17). Suppose q = 8*b - 2872 + 160. Is b a prime number?
False
Let f be (-3 - (-1 - 2)) + -1. Let u be 2*1/f - -1285. Let w = u + -804. Is w prime?
True
Let w = 45 - 45. Suppose 2*b + w*b = u + 2316, 4*u - 3463 = -3*b. Is b a prime number?
False
Suppose -4*v + 161377 = 16901. Is v a composite number?
True
Let u(m) = m. Let b(y) = -802*y + 51. Let d(c) = -b(c) - 6*u(c). Is d(13) a prime number?
False
Let h(v) = 5*v + 13105. Is h(0) prime?
False
Let o(a) = 20*a**2 - 10*a + 1. Is o(7) a prime number?
True
Let p = -26 - -28. Suppose p*w - 6 = 2, -w + 298 = 2*f. Suppose -i + 190 = -3*q - f, 4*i - q - 1348 = 0. Is i a prime number?
True
Suppose -d - 5*y + 27916 = 0, 3*d + 0*d - 83848 = 5*y. Is d composite?
False
Suppose -5*m = 5*o - 6410, 3*m - m - 2569 = 3*o. Is m composite?
False
Let q(r) = -r - 5. Let d be q(-5). Suppose d*w = 2*w. Suppose w = t - 25 + 4. Is t a prime number?
False
Let b(q) = -q + 10. Let y be b(-9). Let s(k) = k**3 - 18*k**2 - 3*k - 11. Is s(y) prime?
True
Suppose -3*u - 1714 = -2*h, h - 4276 = -4*h + 3*u. Let x = -289 + h. Is x prime?
False
Is (3 - 0) + (1 - -12243) a prime number?
False
Suppose -43*s + 711342 = -302297. Is s a prime number?
False
Let p = -952 + 448. Let b = p - -821. Is b a composite number?
False
Is (-61546)/(-12) + ((-102)/(-36))/17 a prime number?
False
Let q(x) = 181*x**2 + 26*x + 70. Is q(-3) composite?
False
Let y(r) = -r**3 - 7*r**2 + r + 9. Let g be 2/6 + 15/9. Suppose 4*p = -8, -g*a + 0*p = p + 16. Is y(a) a prime number?
True
Let b = 103114 - 37205. Is b a composite number?
True
Let u(m) = m**3 + 7*m**2 - 10*m - 1. Let x be u(-8). Let c = -9 + x. Suppose f - c*f = -1045. Is f a prime number?
False
Suppose -6*x + 15 = -3*x. Suppose x*f = 2*a + 1 + 20, -f + 5 = 0. Suppose 0 = 5*l + g + 2*g - 1061, -424 = -a*l - g. Is l a prime number?
True
Suppose 106*g - 103*g - 2391 = 0. Is g prime?
True
Let o = 13 - 5. Suppose 0 = 4*x - o, 6*x - 37 = -n + 5*x. Is 5/(-1)*(-1631)/n a prime number?
True
Let a(u) = 9*u**3 - 7*u**2 - 3*u - 16. Is a(7) a composite number?
False
Let v = -2 - 14. Let k be (1 - -1)*24/v. Is (-448)/k - (-2)/(-6) prime?
True
Let w(x) = 41*x**3 - 20*x**2 - 6*x + 32. Let g(l) = 14*l**3 - 7*l**2 - 2*l + 11. Let v(r) = 17*g(r) - 6*w(r). Let i be v(7). Is i/(-18) + 6/(-27) prime?
True
Let m = -17 + 44. Suppose -2*z = m - 213. Is (z/9)/((-4)/(-12)) prime?
True
Let n be 1/((-1)/(-1))*3. Let s(o) = -5*o**2 + 3*o**2 + 3*o**n + 0 + 2 + 4*o - 8*o. Is s(3) composite?
False
Suppose -3*g = -36323 + 9146. Is g a composite number?
False
Suppose -3*c = -c. Suppose c = -2*n + 283 + 9. Let k = 367 - n. Is k prime?
False
Let p(w) = 0*w + 287 - w**2 + 0*w + w + w. Is p(0) composite?
True
Suppose -w + 28 = 25. Suppose w*z + 283 = 3790. Is z prime?
False
Suppose -9 = -o + 4*l, o - 18 = l - 0*l. Let m = o + -14. Is m a composite number?
False
Let n(p) = -p**3 - p**2 + p + 2. Let z be n(-2). Let q = -309 + 279. Is 18/z*q/(-9) a prime number?
False
Let u(m) = 7*m - 45. Let h be u(7). Suppose -2*k - 3*o + 3329 = 0, -k + 5*o - h*o + 1652 = 0. Is k prime?
True
Suppose 3*k + 3 = 3*m, -2*k + 1 = -2*m + k. Suppose -y + 3*f = 8*f - 1627, m*f - 8177 = -5*y. Is y a prime number?
True
Is -5 + (48047 - (-9 + -2)) prime?
False
Let q = 9462 - 5561. Is q composite?
True
Let z(a) = 627*a - 1. Let p be z(2). Let u = -720 + p. Is u prime?
False
Let y(o) = -6*o - 1. Let z be y(8). Is 13934/14 + 14/z composite?
True
Let v be 2*(1/(-2))/((-4)/(-2696)). Is v/(-4*1/2) prime?
True
Let s be ((-18755)/10)/(-11)*(-1 - -3). Suppose r - 500 = 3*w + s, w = r - 849. Is r prime?
True
Suppose -3 = -3*z - 15. Is -422*(0 + 3 + z) composite?
True
Suppose -3*c + q - 40 = 2*q, -q - 25 = 2*c. Is (4855/c - 2)*-3 a prime number?
True
Suppose -4*d + 2*d + 1517 = 3*g, -d = 3*g - 757. Suppose 2169 = k + d. Is k a composite number?
False
Suppose -p - 3*j = -7*j + 1618, 0 = -5*p - 3*j - 7998. Let x = p - -2551. Suppose -5*r = -x - 181. Is r a prime number?
False
Suppose -3*z + 260 = 5*s, 0*z + 90 = 2*s + 4*z. Let n = s - -4588. Is n a composite number?
False
Suppose 3*n + 7*i + 15 = 2*i, 9 = -2*n - 3*i. Suppose q + 3*o = o + 531, -3*q + 5*o + 1604 = n. Is q a composite number?
True
Let c(v) be the first derivative of -v**6/360 - v**5/120 + 119*v**4/24 - 2*v**3 + 1. Let g(l) be the third derivative of c(l). Is g(0) prime?
False
Suppose 4*y + 2560 + 1934 = 2*k, 0 = -3*k - y + 6734. Let q = -200 + -1134. Let l = k + q. Is l prime?
True
Suppose -70807 = 3212*f - 3223*f. Is f prime?
False
Let p(g) = -1839*g**3 + g**2 - g - 2. Let i be p(2). Is (i/16 + (-2)/(-4))/(-1) a composite number?
False
Suppose -4*l - 20 = 0, 591 + 210 = 4*i + 3*l. Suppose 5*z - 599 = -i. Is z a prime number?
True
Let n be 4/2*9107/14. Suppose -5*i + 2*x + 152 + 1998 = 0, -x = 3*i - n. Suppose 0 = -4*q + 404 + i. Is q a prime number?
False
Let m(q) = 2*q + 67. Let p be (-8 - -4) + -51 + 3. Let d be (-3)/(-4) - (-39)/p. Is m(d) composite?
False
Suppose 2*p - 6 = 2, -5*p - 2960 = -5*i. Let y(s) = 2*s**3 + 6*s**2 - s. Let h be y(-3). Suppose 3*n = -h*z + 447, -4*z - 5*n + i = -4*n. Is z prime?
True
Let g = 15 + -16. Let x be (11 - (-4)/4)/g. Is (-1022)/x - (-4)/(-24) prime?
False
Suppose -d + 5*w = -6*d - 80, 0 = 5*w. Let j be (-8)/d + 3/2. Suppose j*b = -0*b + 134. Is b prime?
True
Let g = 2 - 22. Let c be (-6)/15 - 48/g. Suppose 0 = c*f + 61 - 323. Is f a prime number?
True
Suppose 2*v - 1483 - 2623 = 0. Is v a prime number?
True
Let f = -73 + 68. Is (-8248)/(-5) + f/(50/6) prime?
False
Let r be (-7 - -5)*(-2 - 0). Suppose y - 165 = -r*y. Suppose -3*o - y = -132. Is o prime?
False
Let y be (0/22)/((-1)/((-1)/(-1))). Suppose y*c - c = -4*s + 1010, -3*c = 2*s - 512. Is s prime?
False
Is (6 + -37209)*(-2)/6 a composite number?
False
Let w(d) = 32*d - 3 + 7 - 4 + 3. Is w(8) prime?
False
Let m(r) = 11*r**3 + 6*r**2 + 16*r - 2. Let h be m(7). Suppose 0 = -3*p - 4*k + h, 6*p - 5*k = p + 7020. Is p composite?
False
Suppose -p - 15*p + 503216 = 0. Is p composite?
True
Let k(z) = -3*z. Let s be k(-1). Let v be s - (0 + 2 + -8). Let g = 35 - v. Is g a prime number?
False
Let w(z) = -155*z**3 + 4*z**2 - 11*z + 35. Is w(-7) composite?
True
Let a(s) = -s**3 + 17*s**2 - 7*s + 2. Let u be (-6)/27 + 833/63. Is a(u) composite?
False
Suppose 3*z = -0*z + 1686. Suppose z = -2*y - 610. Let u = y - -1073. Is u a prime number?
True
Suppose 0 = 9*q - 13*q. Suppose -12 = -3*j, q = 2*u + 4*j - 14 - 10. Suppose -10 - 74 = -u*t. Is t prime?
False
Suppose 0 = 25*f - 20*f - 40. Suppose -f*i + 6*i + 1594 = 0. Is i composite?
False
Suppose -3*n + a + 10 = 0, 0 = n - a + 5*a - 25. Is (n + -6)*(-1 + -659*2) a composite number?
False
Let b be 6 + ((-4)/4 - 1 - -1). Suppose -4*u - 1241 = 5*d - 8644, -2*d + 9241 = b*u. Is u a prime number?
True
Let k = 17 - 21. Is k/6 - (-8815)/15 composite?
False
Is 8/(-10) + (-18)/(-60)*6226 composite?
False
Suppose -2*m - 18 = 3*u + m, -70 = 5*u - 5*m. Let t(c) = 9*c + 10*c**2 - 5*c**2 - 3 + 6. Is t(u) a prime number?
False
Let q(y) be the third derivative of -4*y**2 + 0 + 1/6*y**3 + 1/8*y**4 + 0*y + 7/30*y**5. Is q(-3) composite?
True
Suppose 53*v - 308100 = 653373. Is v a prime number?
False
Let c(k) = -12*k**3 + 11*k**3 + 170 + k + 59. Let l be c(0). Let w = 322 - l. Is w prime?
False
Let g be -2 - (-2 + 1) - 5. Is ((-87)/g)/((-4)/(-56)) a composite number?
True
Let w be -8*(